{"id":159,"date":"2020-04-13T14:28:43","date_gmt":"2020-04-13T14:28:43","guid":{"rendered":"http:\/\/g\u00e9om\u00e8tre-michaux.be\/?page_id=159"},"modified":"2020-07-16T15:25:27","modified_gmt":"2020-07-16T15:25:27","slug":"modification-relief-du-sol","status":"publish","type":"page","link":"https:\/\/g\u00e9om\u00e8tre-michaux.be\/?page_id=159","title":{"rendered":"Modification relief du sol"},"content":{"rendered":"\t\t<div data-elementor-type=\"wp-page\" data-elementor-id=\"159\" class=\"elementor elementor-159\">\n\t\t\t\t\t\t<section class=\"elementor-section elementor-top-section elementor-element elementor-element-510dc51f elementor-section-boxed elementor-section-height-default elementor-section-height-default elementor-invisible\" data-id=\"510dc51f\" data-element_type=\"section\" data-e-type=\"section\" data-settings=\"{&quot;animation&quot;:&quot;fadeInLeft&quot;}\">\n\t\t\t\t\t\t<div class=\"elementor-container elementor-column-gap-default\">\n\t\t\t\t\t<div class=\"elementor-column elementor-col-100 elementor-top-column elementor-element elementor-element-2b205ed8 elementor-invisible\" data-id=\"2b205ed8\" data-element_type=\"column\" data-e-type=\"column\" data-settings=\"{&quot;animation&quot;:&quot;fadeInLeft&quot;}\">\n\t\t\t<div class=\"elementor-widget-wrap elementor-element-populated\">\n\t\t\t\t\t\t<div class=\"elementor-element elementor-element-905442 elementor-widget elementor-widget-heading\" data-id=\"905442\" data-element_type=\"widget\" data-e-type=\"widget\" data-settings=\"{&quot;_animation&quot;:&quot;none&quot;}\" data-widget_type=\"heading.default\">\n\t\t\t\t<div class=\"elementor-widget-container\">\n\t\t\t\t\t<h2 class=\"elementor-heading-title elementor-size-default\">MODIFICATION DU RELIEF DU SOL<\/h2>\t\t\t\t<\/div>\n\t\t\t\t<\/div>\n\t\t\t\t<div class=\"elementor-element elementor-element-680b48ea elementor-widget elementor-widget-text-editor\" data-id=\"680b48ea\" data-element_type=\"widget\" data-e-type=\"widget\" data-widget_type=\"text-editor.default\">\n\t\t\t\t<div class=\"elementor-widget-container\">\n\t\t\t\t\t\t\t\t\t<p>Je dresse le plan et r\u00e9dige les diff\u00e9rents formulaires administratifs destin\u00e9s au permis d\u2019urbanisme<\/p>\t\t\t\t\t\t\t\t<\/div>\n\t\t\t\t<\/div>\n\t\t\t\t\t<\/div>\n\t\t<\/div>\n\t\t\t\t\t<\/div>\n\t\t<\/section>\n\t\t\t\t<section class=\"elementor-section elementor-top-section elementor-element elementor-element-a113832 elementor-section-boxed elementor-section-height-default elementor-section-height-default\" data-id=\"a113832\" data-element_type=\"section\" data-e-type=\"section\">\n\t\t\t\t\t\t<div class=\"elementor-container elementor-column-gap-default\">\n\t\t\t\t\t<div class=\"elementor-column elementor-col-100 elementor-top-column elementor-element elementor-element-8b146d6\" data-id=\"8b146d6\" data-element_type=\"column\" data-e-type=\"column\">\n\t\t\t<div class=\"elementor-widget-wrap elementor-element-populated\">\n\t\t\t\t\t\t<div class=\"elementor-element elementor-element-7f75a32 elementor-widget elementor-widget-image-gallery\" data-id=\"7f75a32\" data-element_type=\"widget\" data-e-type=\"widget\" data-widget_type=\"image-gallery.default\">\n\t\t\t\t<div class=\"elementor-widget-container\">\n\t\t\t\t\t\t\t<div class=\"elementor-image-gallery\">\n\t\t\t<div id='gallery-1' class='gallery galleryid-159 gallery-columns-2 gallery-size-medium'><figure class='gallery-item'>\n\t\t\t<div class='gallery-icon landscape'>\n\t\t\t\t<a data-elementor-open-lightbox=\"yes\" data-elementor-lightbox-slideshow=\"7f75a32\" data-elementor-lightbox-title=\"plan parcelle modif sol\" data-e-action-hash=\"#elementor-action%3Aaction%3Dlightbox%26settings%3DeyJpZCI6MTYxLCJ1cmwiOiJodHRwczpcL1wvZ1x1MDBlOW9tXHUwMGU4dHJlLW1pY2hhdXguYmVcL3dwLWNvbnRlbnRcL3VwbG9hZHNcLzIwMjBcLzA0XC9wbGFuLXBhcmNlbGxlLW1vZGlmLXNvbC1zY2FsZWQuanBnIiwic2xpZGVzaG93IjoiN2Y3NWEzMiJ9\" href='https:\/\/g\u00e9om\u00e8tre-michaux.be\/wp-content\/uploads\/2020\/04\/plan-parcelle-modif-sol-scaled.jpg'><img fetchpriority=\"high\" decoding=\"async\" width=\"300\" height=\"212\" src=\"https:\/\/g\u00e9om\u00e8tre-michaux.be\/wp-content\/uploads\/2020\/04\/plan-parcelle-modif-sol-300x212.jpg\" class=\"attachment-medium size-medium\" alt=\"\" srcset=\"https:\/\/g\u00e9om\u00e8tre-michaux.be\/wp-content\/uploads\/2020\/04\/plan-parcelle-modif-sol-300x212.jpg 300w, https:\/\/g\u00e9om\u00e8tre-michaux.be\/wp-content\/uploads\/2020\/04\/plan-parcelle-modif-sol-1024x724.jpg 1024w, https:\/\/g\u00e9om\u00e8tre-michaux.be\/wp-content\/uploads\/2020\/04\/plan-parcelle-modif-sol-768x543.jpg 768w, https:\/\/g\u00e9om\u00e8tre-michaux.be\/wp-content\/uploads\/2020\/04\/plan-parcelle-modif-sol-1536x1087.jpg 1536w, https:\/\/g\u00e9om\u00e8tre-michaux.be\/wp-content\/uploads\/2020\/04\/plan-parcelle-modif-sol-2048x1449.jpg 2048w\" sizes=\"(max-width: 300px) 100vw, 300px\" \/><\/a>\n\t\t\t<\/div><\/figure><figure class='gallery-item'>\n\t\t\t<div class='gallery-icon landscape'>\n\t\t\t\t<a data-elementor-open-lightbox=\"yes\" data-elementor-lightbox-slideshow=\"7f75a32\" data-elementor-lightbox-title=\"plan coupe modif sol\" data-e-action-hash=\"#elementor-action%3Aaction%3Dlightbox%26settings%3DeyJpZCI6MTYyLCJ1cmwiOiJodHRwczpcL1wvZ1x1MDBlOW9tXHUwMGU4dHJlLW1pY2hhdXguYmVcL3dwLWNvbnRlbnRcL3VwbG9hZHNcLzIwMjBcLzA0XC9wbGFuLWNvdXBlLW1vZGlmLXNvbC1zY2FsZWQuanBnIiwic2xpZGVzaG93IjoiN2Y3NWEzMiJ9\" href='https:\/\/g\u00e9om\u00e8tre-michaux.be\/wp-content\/uploads\/2020\/04\/plan-coupe-modif-sol-scaled.jpg'><img decoding=\"async\" width=\"300\" height=\"212\" src=\"https:\/\/g\u00e9om\u00e8tre-michaux.be\/wp-content\/uploads\/2020\/04\/plan-coupe-modif-sol-300x212.jpg\" class=\"attachment-medium size-medium\" alt=\"\" srcset=\"https:\/\/g\u00e9om\u00e8tre-michaux.be\/wp-content\/uploads\/2020\/04\/plan-coupe-modif-sol-300x212.jpg 300w, https:\/\/g\u00e9om\u00e8tre-michaux.be\/wp-content\/uploads\/2020\/04\/plan-coupe-modif-sol-1024x723.jpg 1024w, https:\/\/g\u00e9om\u00e8tre-michaux.be\/wp-content\/uploads\/2020\/04\/plan-coupe-modif-sol-768x543.jpg 768w, https:\/\/g\u00e9om\u00e8tre-michaux.be\/wp-content\/uploads\/2020\/04\/plan-coupe-modif-sol-1536x1085.jpg 1536w, https:\/\/g\u00e9om\u00e8tre-michaux.be\/wp-content\/uploads\/2020\/04\/plan-coupe-modif-sol-2048x1447.jpg 2048w\" sizes=\"(max-width: 300px) 100vw, 300px\" \/><\/a>\n\t\t\t<\/div><\/figure>\n\t\t<\/div>\n\t\t<\/div>\n\t\t\t\t\t\t<\/div>\n\t\t\t\t<\/div>\n\t\t\t\t\t<\/div>\n\t\t<\/div>\n\t\t\t\t\t<\/div>\n\t\t<\/section>\n\t\t\t\t<\/div>\n\t\t","protected":false},"excerpt":{"rendered":"<p>MODIFICATION DU RELIEF DU SOL Je dresse le plan et r\u00e9dige les diff\u00e9rents formulaires administratifs destin\u00e9s au permis d\u2019urbanisme<\/p>\n","protected":false},"author":1,"featured_media":0,"parent":0,"menu_order":0,"comment_status":"closed","ping_status":"closed","template":"","meta":{"footnotes":""},"class_list":["post-159","page","type-page","status-publish","hentry"],"_links":{"self":[{"href":"https:\/\/g\u00e9om\u00e8tre-michaux.be\/index.php?rest_route=\/wp\/v2\/pages\/159","targetHints":{"allow":["GET"]}}],"collection":[{"href":"https:\/\/g\u00e9om\u00e8tre-michaux.be\/index.php?rest_route=\/wp\/v2\/pages"}],"about":[{"href":"https:\/\/g\u00e9om\u00e8tre-michaux.be\/index.php?rest_route=\/wp\/v2\/types\/page"}],"author":[{"embeddable":true,"href":"https:\/\/g\u00e9om\u00e8tre-michaux.be\/index.php?rest_route=\/wp\/v2\/users\/1"}],"replies":[{"embeddable":true,"href":"https:\/\/g\u00e9om\u00e8tre-michaux.be\/index.php?rest_route=%2Fwp%2Fv2%2Fcomments&post=159"}],"version-history":[{"count":4,"href":"https:\/\/g\u00e9om\u00e8tre-michaux.be\/index.php?rest_route=\/wp\/v2\/pages\/159\/revisions"}],"predecessor-version":[{"id":201,"href":"https:\/\/g\u00e9om\u00e8tre-michaux.be\/index.php?rest_route=\/wp\/v2\/pages\/159\/revisions\/201"}],"wp:attachment":[{"href":"https:\/\/g\u00e9om\u00e8tre-michaux.be\/index.php?rest_route=%2Fwp%2Fv2%2Fmedia&parent=159"}],"curies":[{"name":"wp","href":"https:\/\/api.w.org\/{rel}","templated":true}]}}