{"id":31,"date":"2020-02-27T17:10:34","date_gmt":"2020-02-27T17:10:34","guid":{"rendered":"http:\/\/xn--gomtre-michaux-xjbn.be\/?page_id=31"},"modified":"2020-10-27T16:29:15","modified_gmt":"2020-10-27T16:29:15","slug":"nos-services","status":"publish","type":"page","link":"https:\/\/g\u00e9om\u00e8tre-michaux.be\/?page_id=31","title":{"rendered":"Nos services"},"content":{"rendered":"<h2>NIVELLEMENT<\/h2>\n<p>Relev\u00e9 des diff\u00e9rents niveaux de votre parcelle afin que votre architecte \u00e9tablisse votre projet dans les r\u00e8gles<\/p>\n<h2>PLAN DE DIVISION<\/h2>\n<p>Division de parcelles et cr\u00e9ation de nouveaux num\u00e9ros de parcelles<\/p>\n<h2>MODIFICATION DU RELIEF DU SOL<\/h2>\n<p>Je dresse le plan et r\u00e9dige les diff\u00e9rents formulaires administratifs destin\u00e9s au permis d\u2019urbanisme<\/p>\n<h2>BORNAGE<\/h2>\n<p>Je r\u00e9tablis la limite s\u00e9parative de propri\u00e9t\u00e9s contig\u00fces, dresse le proc\u00e8s-verbal et implante les bornes pour d\u00e9limiter la limite s\u00e9parative<\/p>\n<h2>IMPLANTATION<\/h2>\n<p>Implantation de votre construction (clous sur chaises) afin quelle soit conforme au permis et r\u00e9daction du proc\u00e8s-verbal pour l\u2019administration<\/p>\n","protected":false},"excerpt":{"rendered":"<p>NIVELLEMENT Relev\u00e9 des diff\u00e9rents niveaux de votre parcelle afin que votre architecte \u00e9tablisse votre projet dans les r\u00e8gles PLAN DE DIVISION Division de parcelles et cr\u00e9ation de nouveaux num\u00e9ros de parcelles MODIFICATION DU RELIEF DU SOL Je dresse le plan et r\u00e9dige les diff\u00e9rents formulaires administratifs destin\u00e9s au permis d\u2019urbanisme BORNAGE Je r\u00e9tablis la limite<a class=\"moretag\" href=\"https:\/\/g\u00e9om\u00e8tre-michaux.be\/?page_id=31\"><span class=\"screen-reader-text\">En savoir plus surNos services<\/span>[&#8230;]<\/a><\/p>\n","protected":false},"author":1,"featured_media":0,"parent":0,"menu_order":0,"comment_status":"closed","ping_status":"closed","template":"","meta":{"footnotes":""},"class_list":["post-31","page","type-page","status-publish","hentry"],"_links":{"self":[{"href":"https:\/\/g\u00e9om\u00e8tre-michaux.be\/index.php?rest_route=\/wp\/v2\/pages\/31","targetHints":{"allow":["GET"]}}],"collection":[{"href":"https:\/\/g\u00e9om\u00e8tre-michaux.be\/index.php?rest_route=\/wp\/v2\/pages"}],"about":[{"href":"https:\/\/g\u00e9om\u00e8tre-michaux.be\/index.php?rest_route=\/wp\/v2\/types\/page"}],"author":[{"embeddable":true,"href":"https:\/\/g\u00e9om\u00e8tre-michaux.be\/index.php?rest_route=\/wp\/v2\/users\/1"}],"replies":[{"embeddable":true,"href":"https:\/\/g\u00e9om\u00e8tre-michaux.be\/index.php?rest_route=%2Fwp%2Fv2%2Fcomments&post=31"}],"version-history":[{"count":39,"href":"https:\/\/g\u00e9om\u00e8tre-michaux.be\/index.php?rest_route=\/wp\/v2\/pages\/31\/revisions"}],"predecessor-version":[{"id":223,"href":"https:\/\/g\u00e9om\u00e8tre-michaux.be\/index.php?rest_route=\/wp\/v2\/pages\/31\/revisions\/223"}],"wp:attachment":[{"href":"https:\/\/g\u00e9om\u00e8tre-michaux.be\/index.php?rest_route=%2Fwp%2Fv2%2Fmedia&parent=31"}],"curies":[{"name":"wp","href":"https:\/\/api.w.org\/{rel}","templated":true}]}}